+ f - 12. Give v(0).
-12
Let l(g) = 4*g**2 + 15*g + 54. What is l(-5)?
79
Let y(g) = -g**2 - 6*g - 12. Calculate y(-5).
-7
Let s(y) = y**3 + 63*y**2 + 124*y + 113. Give s(-61).
-9
Let c(i) = i + 9. Determine c(8).
17
Let r(y) = y**3 - 13*y**2 - 25*y + 113. Give r(14).
-41
Let p(s) = s**3 - 8*s**2 - 4*s + 16. What is p(4)?
-64
Let r(x) = 5*x + 10. Calculate r(3).
25
Let f(h) = 8*h**2 - h - 4. What is f(-2)?
30
Let k(u) = -2*u + 10. Determine k(10).
-10
Let f(c) = c**3 - c + 72. What is f(0)?
72
Let k(j) = 7*j - 131. Calculate k(18).
-5
Let d(y) = -14*y - 3. Determine d(-3).
39
Let i(v) = -v - 2. Determine i(-2).
0
Let p(j) = -2*j**2 - j + 12. Determine p(-6).
-54
Let s(t) = -25*t**2 + 2*t + 2. Calculate s(-2).
-102
Let u(b) = 2*b + 1. Give u(-1).
-1
Let m(r) = r**3 - 20*r**2 + 52*r - 24. Give m(17).
-7
Let d(v) = v**2 - 7*v - 1. Calculate d(-3).
29
Let m(x) = -x**3 + 8*x**2 - 6*x - 15. What is m(7)?
-8
Let u(f) = -2*f**3 - 81*f**2 + 43*f + 81. What is u(-41)?
-1
Let p(i) = i**3 + 4*i**2 + 11*i + 5. Calculate p(-2).
-9
Let z(m) = 29*m + 905. Calculate z(-31).
6
Let n(v) = -2*v**2 - 18*v + 37. Calculate n(2).
-7
Let s(n) = -n**2 + 11*n - 1. Give s(6).
29
Let g(y) = -10*y + 1. Give g(-1).
11
Let z(t) = 2*t + 8. Give z(-6).
-4
Let r(j) = -j + 3. Determine r(-8).
11
Let f(g) = -g**3 + 6*g**2 - 10*g + 2. Calculate f(4).
-6
Let b(r) = -4*r + 103. What is b(25)?
3
Let t(m) = -m - 33. What is t(-26)?
-7
Let w(g) = 15*g**2 - 56*g + 7. Calculate w(5).
102
Let n(t) = 19*t - 195. Calculate n(12).
33
Let a(d) = 3*d - 2. Determine a(-1).
-5
Let l(c) = c**3 + c**2 + c + 2. Calculate l(-1).
1
Let o(z) = -2*z**2 - z - 3. What is o(2)?
-13
Let f(r) = -2*r**3 - 3*r**2 + 3*r - 3. Determine f(-3).
15
Let r(x) = x**2 - 19*x + 42. Give r(2).
8
Let p(w) = -10*w + 6. Calculate p(-6).
66
Let t(a) = -a**3 + 6*a**2 - 2*a + 6. What is t(6)?
-6
Let g(r) = 4*r + 17. Give g(-3).
5
Let c(b) = 2*b**3 - 9*b**2 - b + 21. What is c(4)?
1
Let n(x) = 5*x + 29. What is n(-4)?
9
Let v(k) = 4*k - 81. Determine v(22).
7
Let b(m) = -11*m + 62. Calculate b(6).
-4
Let v(x) = -62*x + 357. Determine v(6).
-15
Let j(a) = -32*a - 88. Give j(-3).
8
Let n(o) = 2*o**2 - 28*o + 32. Calculate n(13).
6
Let o(c) = -c**2 - 3*c - 2. Give o(-1).
0
Let d(k) = k**2 - 5*k + 15. Calculate d(7).
29
Let u(y) = 2*y**2 + 14*y + 87. What is u(-8)?
103
Let p(m) = -m**3 - 6*m**2 - 2*m + 2. Give p(-5).
-13
Let h(c) = c**2 - 20*c + 88. Give h(13).
-3
Let g(d) = -d**3 - 2*d**2 + d + 3. What is g(-3)?
9
Let t(x) = 93*x - 465. What is t(5)?
0
Let r(h) = -2*h**2 - 4*h - 7. Give r(-1).
-5
Let m(v) = v**2 + 14*v - 14. Determine m(-10).
-54
Let a(n) = -2*n**3 - 8*n**2 + 41*n - 4. What is a(-7)?
3
Let h(y) = -y**3 - 16*y**2 + 41*y + 95. Determine h(-18).
5
Let a(t) = -t**2 - 7*t - 8. Calculate a(-5).
2
Let t(g) = -86*g**3 + g**2 - 5*g - 4. Calculate t(-1).
88
Let s(j) = -17*j + 4. Calculate s(-5).
89
Let v(s) = s**3 + s**2 + s + 1. Determine v(0).
1
Let u(g) = -53*g**3 - 4*g**2 + 2*g + 1. Calculate u(1).
-54
Let v(z) = 4*z - 162. What is v(43)?
10
Let y(t) = t - 14. Calculate y(6).
-8
Let r(p) = -p**2 + p + 4. Give r(-4).
-16
Let t(h) = -h**2 + 41*h - 49. Determine t(40).
-9
Let j(p) = -25*p**2 + 698*p + 57. Determine j(28).
1
Let k(x) = -75*x**2 - x + 2. What is k(1)?
-74
Let r(o) = -o**3 - 13*o**2 - 15*o - 4. What is r(-12)?
32
Let b(p) = 3*p + 12. What is b(-6)?
-6
Let z(c) = -2*c + 57. Calculate z(29).
-1
Let d(h) = h**3 - 4*h**2 + 6*h - 1. Determine d(4).
23
Let q(o) = 4*o**2 - 131*o - 44. Give q(33).
-11
Let w(f) = f**2 - 13*f + 18. Calculate w(16).
66
Let y(o) = 2*o**3 - 6*o**2 + o + 1. What is y(3)?
4
Let m(v) = -v**2 - 5*v - 3. Determine m(-7).
-17
Let a(u) = -28*u + 302. What is a(11)?
-6
Let b(a) = a**2 + 7*a + 42. Determine b(-13).
120
Let s(p) = 3*p**2 + 2*p - 1. Determine s(1).
4
Let m(w) = 6*w. Calculate m(-2).
-12
Let y(g) = 116*g**2 - 4*g - 2. Give y(-1).
118
Let l(o) = -2*o**2 - 5*o - 4. Determine l(-2).
-2
Let m(r) = 17*r - 20. What is m(2)?
14
Let k(i) = i**2 + 5*i. Calculate k(4).
36
Let s(h) = h**3 - 10*h**2 + 7*h + 36. Give s(9).
18
Let r(g) = -g**2 - 2*g - 34. Determine r(0).
-34
Let i(q) = q**3 - 15*q**2 + 18*q - 42. Give i(14).
14
Let h(x) = 2*x**2 - 6*x + 1. Give h(5).
21
Let h(a) = -a**3 + 6*a**2 + 8*a + 11. Calculate h(8).
-53
Let u(y) = -15*y**2 - 60*y + 4. Calculate u(-4).
4
Let z(n) = 15*n + 58. Calculate z(-9).
-77
Let l(a) = -a**3 - 4*a**2 - 2*a. Determine l(-2).
-4
Let o(d) = -5*d**3 - 2*d**2 - 5*d + 1. Calculate o(-2).
43
Let d(t) = t - 6. Calculate d(0).
-6
Let n(q) = -7*q**2 - q + 2. Determine n(2).
-28
Let v(y) = -3*y - 31. Calculate v(-9).
-4
Let v(w) = w**3 - 8*w**2 + 3*w + 5. Give v(7).
-23
Let c(m) = -m**3 - 8*m**2 - 17*m - 30. What is c(-6)?
0
Let p(q) = -21*q + 25. What is p(1)?
4
Let r(c) = c**3 - 6*c**2 - c + 4. What is r(6)?
-2
Let b(l) = -5*l + 9. What is b(-2)?
19
Let p(k) = k**2 + 6*k - 6. Give p(-8).
10
Let m(q) = 97*q**3 + 2*q - 1. Determine m(1).
98
Let k(x) = -5*x - 16. What is k(-8)?
24
Let z(c) = -c**2 + 12. Determine z(0).
12
Let j(v) = 2*v + 20. Give j(-11).
-2
Let y(s) = -s - 10. Determine y(-11).
1
Let h(m) = -m + 4. Determine h(3).
1
Let r(j) = 11*j + 76. Give r(-6).
10
Let u(p) = 2*p**2 + 12*p - 45. Give u(-8).
-13
Let s(r) = 3*r**2 + 6*r - 16. Give s(-4).
8
Let c(l) = -2*l**2 - 8*l - 5. Give c(-5).
-15
Let o(q) = -q**3 - 19*q**2 + 39*q - 77. Calculate o(-21).
-14
Let t(k) = -k**2 - 4*k - 1. Give t(5).
-46
Let r(c) = c**3 + 4*c**2 - 4*c - 2. Give r(-4).
14
Let k(m) = m**2 - 11*m + 11. Give k(12).
23
Let j(d) = d**2 - 10*d + 5. Calculate j(5).
-20
Let m(u) = u**3 - 22*u**2 - 22*u - 45. Give m(23).
-22
Let u(f) = 3*f**2 + 62*f + 6. Calculate u(-20).
-34
Let k(v) = -4*v + 14. Give k(-10).
54
Let w(j) = 3*j + 15. What is w(-9)?
-12
Let s(g) = 2*g**2 - 61*g - 39. Give s(31).
-8
Let f(h) = 6*h**3 - 43*h**2 + 6*h - 10. Calculate f(7).
-17
Let g(k) = -k + 16. Determine g(28).
-12
Let d(f) = -f**2 + 3*f + 8. What is d(7)?
-20
Let v(k) = 5*k + 26. Give v(16).
106
Let p(s) = -2*s**3 + 13*s**2 + 18*s - 55. Determine p(7).
22
Let i(d) = d**3 - 10*d**2 - 2. Determine i(10).
-2
Let t(r) = r**2 - 7*r - 14. Give t(8).
-6
Let b(d) = d**3 - d**2 - 2. Calculate b(0).
-2
Let q(n) = 2*n + 35. Give q(0).
35
Let h(m) = m**3 + 7*m**2 + 8*m + 3. What is h(-5)?
13
Let o(s) = -2*s**2 - 2*s - 2. Give o(-5).
-42
Let a(s) = -s**2 + 10*s - 4. What is a(10)?
-4
Let a(f) = -f**2 - 2. What is a(-5)?
-27
Let g(o) = o**3 - 2*o - 7. What is g(0)?
-7
Let k(t) = -t**2 - 3*t + 1. Determine k(-5).
-9
Let y(m) = -m**3 + 5*m**2 - 4*m + 1. What is y(5)?
-19
Let o(v) = 84*v**2 - v - 1. Determine o(1).
82
Let w(c) = -2*c**2 + 10*c. Determine w(9).
-72
Let n(f) = -f**2 + 6*f - 3. What is n(6)?
-3
Let b(d) = 5*d + 12. What is b(10)?
62
Let y(f) = 29*f + 6. Calculate y(4).
122
Let i(g) = g - 13. Determine i(6).
-7
Let u(f) = -2*f + 115. Give u(0).
115
Let i(p) = p**2 - 7*p - 6. Give i(7).
-6
Let j(f) = 3*f - 11. Give j(10).
19
Let z(h) = 11*h + 165. Calculate z(-15).
0
Let n(a) = -20*a - 53. What is n(-3)?
7
Let y(p) = 3*p**3 + p**2 + p. Calculate y(-1).
-3
Let o(j) = 3*j + 20. Determine o(-7).
-1
Let a(q) = 9*q + 7. Determine a(-1).
-2
Let f(y) = 3*y**2 - 10*y - 19. Calculate f(6).
29
Let d(c) = -66*c - 325. Determine d(-5).
5
Let d(s) = s**2 + 9*s - 4. Give d(-11).
18
Let b(v) = v**3 - 9*v**2 - 3*v + 22. Determine b(9).
-5
Let r(u) = u**2 + 3*u - 48. What is r(5)?
-8
Let x(p) = p**3 + 5*p**2 - 127*p - 630. Give x(-5).
5
Let z(g) = -g**3 - 5*g**2 + 7*g - 5. Calculate z(-7).
44
Let w(n) = -2*n**2 + 9*n + 6. Calculate w(7).
-29
Let i(w) = 3*w**2 - 5*w. Give i(3).
12
Let q(k) = k**2 - 2*k + 1. Give q(-2).
9
Let u(t) = -t. What is u(-11)?
11
Let h(j) = -2*j + 16. What is h(-8)?
32
Let l(m) = m**3 - 21*m**2 + 22*m - 48. What is l(20)?
-8
Let d(f) = -2*f**3 - 11*f**2 - 13*f - 1. What is d(-4)?
3
Let s(p) = p - 23. Give s(-10).
-33
Let h(n) = 3*n**3 - n + 1. What is h(2)?
23
Let i(f) = 6*f + 24. Calculate i(-15).
-66
Let c(l) = -5*l - 57. Give c(-12).
3
Let d(l) = -l**2 + 14*l + 5. Give d(14).
5
Let b(j) = j**3 + 11*j**2 - 12. Calculate b(-11).
-12
Let h(l) = -l**2 + 28*l - 17. Determine h(28).
-17
Let j(x) = -x**2 + 3*x - 2. Give j(4).
-6
Let l(f) = -f**3 - 13*f**2 + 14*f + 26. Determine l(-14).
26
Let u(t) = t*